e v(x). Calculate the greatest common factor of k and 1.
1
Let x = 83 + -55. Let o = -15 + x. Calculate the highest common factor of 39 and o.
13
Let b = 38 - 58. Let w = b - -13. Let v = 12 + w. What is the highest common factor of 40 and v?
5
Suppose p - 36 = -3*i - 0*i, 4*p - 123 = -5*i. What is the greatest common divisor of p and 18?
9
Let l(f) be the second derivative of -1/6*f**3 - 1/20*f**5 + 0 + 0*f**4 + 55/2*f**2 - 2*f. Let m be l(0). Calculate the greatest common factor of m and 11.
11
Let k = -832 + 857. Suppose -3*v = -3*o + 513, -o - v = -139 - 40. What is the greatest common divisor of k and o?
25
Let h be (0 + 0 + 1)*35. Calculate the greatest common factor of 7 and h.
7
Suppose b - 280 = -5*h, 4*b + 11 + 24 = h. What is the greatest common divisor of 22 and h?
11
Let w be ((-308)/(-3))/(2/6). Let j = 32 - 4. What is the greatest common factor of w and j?
28
Let s = -39 - -51. What is the highest common divisor of s and 48?
12
Let a be (-6 - -3)*(-6)/9. Calculate the greatest common factor of 2 and a.
2
Let g = -63 + 45. Let c be 4/g + 1308/54. What is the highest common divisor of c and 3?
3
Suppose 9 = -0*n + n + d, -4*n + 3*d + 29 = 0. Suppose 2*g - 4*f = -0*f + 128, -4*g = 5*f - 204. Calculate the greatest common divisor of n and g.
8
Let t(d) = -d**3 + d. Let z be t(0). Suppose z = u + 4*u - 55. Calculate the highest common factor of u and 22.
11
Let k(r) = -3*r**3 - 5*r**2 - 4*r + 1. Let n be k(-3). Calculate the greatest common divisor of n and 7.
7
Suppose -2*k - 3*s = -1, 3*s = -8*k + 3*k - 2. Let m be (1 + -18)/(1*k). Suppose 3*o = 20 + 388. What is the highest common divisor of o and m?
17
Suppose 6*y - 4*y - 20 = 0. Let d = 47 + -17. What is the greatest common factor of d and y?
10
Let h be 2 - (-5 + 2 + -10). Calculate the greatest common divisor of 15 and h.
15
Let p(g) be the first derivative of -7*g**4/4 - g**2 - g + 4. Let a be p(-1). What is the highest common divisor of 8 and a?
8
Let d(l) be the third derivative of -l**6/120 + l**5/20 + l**4/4 - l**3/2 + 5*l**2. Let s be d(4). What is the greatest common factor of 10 and s?
5
Let j = -24 + 19. Suppose 11 = -3*k - 2*c + c, 2*c = -10. Let v be k/5 - 327/j. Calculate the greatest common factor of 13 and v.
13
Suppose -6*s = -11*s + 195. Suppose -3*a + 7*f + s = 4*f, -f = 2. Calculate the highest common factor of a and 99.
11
Let g = -128 + 233. Let i(k) = 16*k - 1. Let p be i(1). What is the highest common divisor of g and p?
15
Let k = -35 + 79. Calculate the greatest common factor of k and 22.
22
Let u(a) = -a**3 + 5*a**2 + 6*a + 4. Let h be u(6). Let t = -7 - -11. Suppose -t*b - h = -24. What is the highest common factor of 25 and b?
5
Let a = -5 - -7. Suppose 3*t = 7*p - a*p - 311, 4*t = 12. Suppose 4 = -4*c + p. What is the greatest common factor of c and 60?
15
Suppose -5*s + 64 = -86. Let h be 598/8 - (-2)/8. What is the highest common divisor of s and h?
15
Let i be (-5)/20 - (-2)/8. Suppose i = -3*r - 2*r + 75. Suppose -260 = -5*u + 40. What is the highest common factor of u and r?
15
Let o(x) = -x**2 + x + 2. Let t be o(0). Suppose 0 = -a + 2*q + 13, -t*q = -a - 3*a + 22. What is the greatest common divisor of a and 3?
3
Suppose 5*u = 81 + 19. What is the greatest common divisor of u and 20?
20
Suppose -t = -8*t + 154. Calculate the greatest common factor of 22 and t.
22
Let t(j) = -13*j - 49. Let o be t(-16). Calculate the greatest common factor of 53 and o.
53
Let j(l) = -7*l - 52. Let w be j(-22). Calculate the highest common factor of w and 34.
34
Let t be (-8)/(-10) + 9/(45/106). What is the greatest common factor of t and 198?
22
Let t be 471/18 + (-2)/12. What is the highest common factor of t and 260?
26
Suppose -v + 29 = 5*y - y, -v + 49 = -y. Let s(n) = -2*n - 13. Let t be s(-9). Calculate the greatest common divisor of v and t.
5
Let y(h) = h - 1. Let x be y(-9). Let g be x*(-2)/4*1. Calculate the highest common factor of 45 and g.
5
Suppose 45 = -2*l + 5*l. Suppose 0 = -4*x + 4 + 12. Suppose 36 = -x*h + r + 338, 5*r + 10 = 0. What is the greatest common factor of l and h?
15
Suppose -10 = -5*t, 2*h = 5*h + 3*t + 3. Let f = h - -10. Calculate the highest common factor of f and 49.
7
Let y be (-1 - (1 + -4))*1. What is the highest common factor of 8 and y?
2
Suppose 2*t - 2*a = 4*t - 26, 4*a + 18 = 3*t. Calculate the greatest common factor of t and 50.
10
Let d(j) = j**2 + j + 14. Let o be d(6). What is the greatest common factor of 140 and o?
28
Let m(b) = -6*b - 22. Let g be m(-7). Calculate the highest common divisor of 20 and g.
20
Suppose 4*d - 3*n - 15 - 29 = 0, -3*d - n = -33. What is the highest common factor of d and 11?
11
Let v(b) = 0 + b**2 - 1 + 10*b + 21 + 5*b. Let f be v(-14). Calculate the greatest common divisor of 42 and f.
6
Let f = 41 + -27. Calculate the greatest common divisor of f and 182.
14
Let y = -8 - -21. Calculate the highest common divisor of y and 91.
13
Suppose -405 = -3*j - 105. Suppose 3*a - j = -2*a. Calculate the highest common factor of 5 and a.
5
Let i(q) = q**2 - 5. Let t be i(5). Suppose 7*v = t + 22. What is the highest common divisor of 24 and v?
6
Suppose -k + 15 = -3*t, -k + 13 = -0*k - 2*t. Let j = k - -2. Calculate the greatest common divisor of j and 55.
11
Suppose 3*o - 4*m - 188 = 0, -2*m - 178 = 3*o - 6*o. Calculate the greatest common divisor of 32 and o.
8
Suppose z - 88 = 3*n, 2*z + 4*n - 135 = 51. Calculate the greatest common divisor of z and 13.
13
Let m(w) be the second derivative of 0*w**2 + 1/3*w**3 - 2*w + 0. Let t be m(3). Calculate the greatest common divisor of 12 and t.
6
Let l = -59 - -99. Suppose -o + l = -0*o. What is the greatest common divisor of o and 5?
5
Suppose 3 = 3*u, -5*u = -6*r + 4*r + 65. Calculate the greatest common divisor of r and 7.
7
Let f(y) = y**2 + 3*y + 1. Let c be f(-5). What is the highest common factor of 44 and c?
11
Let y be (12/10 - 2)*100/(-8). Suppose 1 = -4*b + 13, -3*d + b = -57. Calculate the highest common factor of d and y.
10
Let u be -8 - (-5)/((-10)/4). Let o = -8 - -34. Let q be u*(-3 + o/10). Calculate the highest common factor of q and 6.
2
Suppose -z + 75 = -2*g, 229 = 4*z + 2*g - 101. Calculate the highest common factor of 9 and z.
9
Let j = -14 + 112. Let c = j + -55. Suppose 3*u = b + c, 3*u - 2*b + 9 = 50. Calculate the greatest common divisor of u and 15.
15
Let a be (1/(-3))/(2/366). Let h = 31 + a. Let t be ((-6)/9)/(2/h). Calculate the highest common factor of 10 and t.
10
Let s(j) = -j**3 - 14*j**2 + 12*j - 33. Let b be s(-15). Calculate the greatest common divisor of 8 and b.
4
Let c(t) = 31*t**2 + 4*t + 2. Let h be c(-2). Let l be h/8 - 1/(-4). What is the greatest common divisor of l and 45?
15
Let s be (-47)/3*6/2. Let l = 75 + s. Suppose -o = -4*k + 1 - 13, -4*o = 4*k - l. Calculate the highest common divisor of 20 and o.
4
Let w(h) = -h**3 + h**2 - 4*h + 3. Let g be w(5). Let v = g + 179. What is the highest common divisor of v and 31?
31
Let n be (35 - 0) + 1/(-1)*1. Calculate the greatest common divisor of 374 and n.
34
Suppose -2*n + 15 - 5 = 0. Let q = 1 + n. What is the highest common divisor of 12 and q?
6
Let y = 6 + 2. Let q = 8 - 5. Suppose 5*m = q*m - i + 6, 5*m - 12 = -4*i. What is the highest common factor of m and y?
4
Let m(a) = 2*a**2 - 4*a + 3. Let n(v) = 3*v - 7. Let p be n(3). Let i be m(p). Calculate the greatest common factor of 3 and i.
3
Suppose -4*b + 34 = -2*z, -38 = -6*b + b - 2*z. Suppose 0*u + 2*u + 192 = 0. Let t = -40 - u. Calculate the greatest common factor of t and b.
8
Let b be (-1 - 9/(-5))*5. Let y be (-164)/(-14) + (-2)/(-7). Suppose 2*l + 4*g + y = b*l, 4 = 2*g. What is the highest common divisor of l and 70?
10
Suppose -3*w + 33 = -33. Let a be 5 + -5 - 22*-9. Calculate the highest common factor of a and w.
22
Let h = 4 - 3. Suppose -4*i = 2*b - 46, b - 12 + 2 = -i. Suppose 2*y - 5 = 5*a - i, 4 = 4*y. Calculate the greatest common divisor of a and h.
1
Let f be 0 + 58*5/10. Let d be (-29)/2*(-12)/2. Calculate the greatest common divisor of f and d.
29
Let g(u) = 7*u**2 + 2*u. Let a be g(-2). Let z be (-6)/18 - (-115)/3. Let f = z - a. What is the greatest common factor of f and 140?
14
Let s = -1 + 11. What is the highest common factor of 60 and s?
10
Suppose -134 = -5*y + 146.